{"id":15189,"date":"2022-10-10T17:57:34","date_gmt":"2022-10-10T16:57:34","guid":{"rendered":"https:\/\/montanhasmagicas.pt\/?post_type=points_of_interest&#038;p=15189"},"modified":"2022-10-11T11:09:14","modified_gmt":"2022-10-11T10:09:14","slug":"pocos-do-rio-teixeira","status":"publish","type":"points_of_interest","link":"https:\/\/montanhasmagicas.pt\/fr\/points_of_interest\/pocos-do-rio-teixeira\/","title":{"rendered":"Po\u00e7os do Rio Teixeira"},"content":{"rendered":"<p>Consid\u00e9r\u00e9 comme l\u2019une des rivi\u00e8res les mieux pr\u00e9serv\u00e9es d\u2019Europe, la rivi\u00e8re Teixeira poss\u00e8de quelques unes des plus belles piscines naturelles du Portugal appel\u00e9es \u201cpo\u00e7os\u201d dans la r\u00e9gion. Juste en dessous du pont sur la Teixeira se trouve un puit de grande dimension, ouvert dans la gorge \u00e9troite sculpt\u00e9e dans la roche par l\u2019\u00e9rosion durant les derniers 2 millions d\u2019ann\u00e9es. En amont, \u00e0 la fronti\u00e8re entre S\u00e3o Pedro do Sul et Vale de Cambra, \u00e0 l\u2019embouchure de la rivi\u00e8re Agualva, sur la rivi\u00e8re Teixeira, se trouve la cascade Dois Rios, accessible \u00e0 partir de F13 en suivant le chemin de Cercal vers la mini-centrale hydraulique de Teixeira. Sur le chemin de Paradu\u00e7a, juste \u00e0 c\u00f4t\u00e9 du pont sur la rivi\u00e8re Paradu\u00e7a se trouve un magnifique puit aux reflets bleus c\u00e9lestes.<\/p>\n","protected":false},"featured_media":13491,"template":"","lines_points_of_interest":[1093],"class_list":["post-15189","points_of_interest","type-points_of_interest","status-publish","has-post-thumbnail","hentry","lines_points_of_interest-ligne-f-freita"],"_links":{"self":[{"href":"https:\/\/montanhasmagicas.pt\/fr\/wp-json\/wp\/v2\/points_of_interest\/15189","targetHints":{"allow":["GET"]}}],"collection":[{"href":"https:\/\/montanhasmagicas.pt\/fr\/wp-json\/wp\/v2\/points_of_interest"}],"about":[{"href":"https:\/\/montanhasmagicas.pt\/fr\/wp-json\/wp\/v2\/types\/points_of_interest"}],"wp:featuredmedia":[{"embeddable":true,"href":"https:\/\/montanhasmagicas.pt\/fr\/wp-json\/wp\/v2\/media\/13491"}],"wp:attachment":[{"href":"https:\/\/montanhasmagicas.pt\/fr\/wp-json\/wp\/v2\/media?parent=15189"}],"wp:term":[{"taxonomy":"lines_points_of_interest","embeddable":true,"href":"https:\/\/montanhasmagicas.pt\/fr\/wp-json\/wp\/v2\/lines_points_of_interest?post=15189"}],"curies":[{"name":"wp","href":"https:\/\/api.w.org\/{rel}","templated":true}]}}

Poços do Rio Teixeira

<p>Considéré comme l’une des rivières les mieux préservées d’Europe, la rivière Teixeira possède quelques unes des plus belles piscines naturelles du Portugal appelées “poços” dans la région. Juste en dessous du pont sur la Teixeira se trouve un puit de grande dimension, ouvert dans la gorge étroite sculptée dans la roche par l’érosion durant les derniers 2 millions d’années. En amont, à la frontière entre São Pedro do Sul et Vale de Cambra, à l’embouchure de la rivière Agualva, sur la rivière Teixeira, se trouve la cascade Dois Rios, accessible à partir de F13 en suivant le chemin de Cercal vers la mini-centrale hydraulique de Teixeira. Sur le chemin de Paraduça, juste à côté du pont sur la rivière Paraduça se trouve un magnifique puit aux reflets bleus célestes.</p>
