{"id":15049,"date":"2022-10-10T11:12:48","date_gmt":"2022-10-10T10:12:48","guid":{"rendered":"https:\/\/montanhasmagicas.pt\/?post_type=points_of_interest&#038;p=15049"},"modified":"2022-10-10T11:12:48","modified_gmt":"2022-10-10T10:12:48","slug":"sao-macario","status":"publish","type":"points_of_interest","link":"https:\/\/montanhasmagicas.pt\/fr\/points_of_interest\/sao-macario\/","title":{"rendered":"S\u00e3o Mac\u00e1rio"},"content":{"rendered":"<p>La montagne de S\u00e3o Mac\u00e1rio atteint les 1054 m\u00e8tres d\u2019altitude et offre un magnifique point d\u2019observation sur les montagnes et vall\u00e9es des Montanhas M\u00e1gicas\u00ae (Montagnes magiques) \u00e0 l\u2019Est et au Nord, et les montagnes de Caramulo et d\u2019Estrela au Sud. A noter, la vue sur la vall\u00e9e du Deil\u00e3o, d\u00e9limit\u00e9e par les cr\u00eates quartzitiques qui se prolongent depuis Valongo et se terminent pr\u00e9cis\u00e9ment ici, surgissant de terre avec des reliefs abrupts le long de leur passage. Ces quartzites sont encore t\u00e9moins de la vie pr\u00e9sente dans les oc\u00e9ans il y a pr\u00e8s de 480 millions d\u2019ann\u00e9es, et ont fix\u00e9 dans la roche les traces des trilobites et autres animaux qui vivaient l\u00e0 (ichnofossiles). Au sommet de la montagne sont fr\u00e9quents les plissements r\u00e9sultant des m\u00eames forces que celles qui soulev\u00e8rent et model\u00e8rent ces montagnes.<\/p>\n","protected":false},"featured_media":12709,"template":"","lines_points_of_interest":[1082],"class_list":["post-15049","points_of_interest","type-points_of_interest","status-publish","has-post-thumbnail","hentry","lines_points_of_interest-ligne-a-arada"],"_links":{"self":[{"href":"https:\/\/montanhasmagicas.pt\/fr\/wp-json\/wp\/v2\/points_of_interest\/15049","targetHints":{"allow":["GET"]}}],"collection":[{"href":"https:\/\/montanhasmagicas.pt\/fr\/wp-json\/wp\/v2\/points_of_interest"}],"about":[{"href":"https:\/\/montanhasmagicas.pt\/fr\/wp-json\/wp\/v2\/types\/points_of_interest"}],"wp:featuredmedia":[{"embeddable":true,"href":"https:\/\/montanhasmagicas.pt\/fr\/wp-json\/wp\/v2\/media\/12709"}],"wp:attachment":[{"href":"https:\/\/montanhasmagicas.pt\/fr\/wp-json\/wp\/v2\/media?parent=15049"}],"wp:term":[{"taxonomy":"lines_points_of_interest","embeddable":true,"href":"https:\/\/montanhasmagicas.pt\/fr\/wp-json\/wp\/v2\/lines_points_of_interest?post=15049"}],"curies":[{"name":"wp","href":"https:\/\/api.w.org\/{rel}","templated":true}]}}

São Macário

<p>La montagne de São Macário atteint les 1054 mètres d’altitude et offre un magnifique point d’observation sur les montagnes et vallées des Montanhas Mágicas® (Montagnes magiques) à l’Est et au Nord, et les montagnes de Caramulo et d’Estrela au Sud. A noter, la vue sur la vallée du Deilão, délimitée par les crêtes quartzitiques qui se prolongent depuis Valongo et se terminent précisément ici, surgissant de terre avec des reliefs abrupts le long de leur passage. Ces quartzites sont encore témoins de la vie présente dans les océans il y a près de 480 millions d’années, et ont fixé dans la roche les traces des trilobites et autres animaux qui vivaient là (ichnofossiles). Au sommet de la montagne sont fréquents les plissements résultant des mêmes forces que celles qui soulevèrent et modelèrent ces montagnes.</p>
