{"id":15050,"date":"2022-10-10T11:16:47","date_gmt":"2022-10-10T10:16:47","guid":{"rendered":"https:\/\/montanhasmagicas.pt\/?post_type=points_of_interest&#038;p=15050"},"modified":"2022-10-10T11:16:47","modified_gmt":"2022-10-10T10:16:47","slug":"sao-macario","status":"publish","type":"points_of_interest","link":"https:\/\/montanhasmagicas.pt\/es\/points_of_interest\/sao-macario\/","title":{"rendered":"S\u00e3o Mac\u00e1rio"},"content":{"rendered":"<p>La sierra de San Macario llega a los 1054 metros de altitud y constituye un magn\u00edfico punto de observaci\u00f3n de las sierras y valles de las Montanhas M\u00e1gicas\u00ae al Este y al Norte, y las sierras de Caramulo y Estrela al Sur. Se destaca la vista al valle del Deil\u00e3o, delimitado por las crestas cuarc\u00edticas que terminan precisamente en este sitio y que se prolongan desde Valongo, rasgando la tierra con relieves abruptos a lo largo de su paso. Estas cuarcitas son adem\u00e1s testigos de la vida que exist\u00eda en los oc\u00e9anos hace cerca de 480 millones de a\u00f1os, puesto que han quedado grabadas en las rocas las marcas de los trilobites y otros animales que andaban por all\u00ed (icnof\u00f3siles). En la cumbre de la sierra son comunes dobleces que resultan de las mismas fuerzas que han levantado y moldeado estas monta\u00f1as.<\/p>\n","protected":false},"featured_media":12709,"template":"","lines_points_of_interest":[1081],"class_list":["post-15050","points_of_interest","type-points_of_interest","status-publish","has-post-thumbnail","hentry","lines_points_of_interest-linea-a-arada"],"_links":{"self":[{"href":"https:\/\/montanhasmagicas.pt\/es\/wp-json\/wp\/v2\/points_of_interest\/15050","targetHints":{"allow":["GET"]}}],"collection":[{"href":"https:\/\/montanhasmagicas.pt\/es\/wp-json\/wp\/v2\/points_of_interest"}],"about":[{"href":"https:\/\/montanhasmagicas.pt\/es\/wp-json\/wp\/v2\/types\/points_of_interest"}],"wp:featuredmedia":[{"embeddable":true,"href":"https:\/\/montanhasmagicas.pt\/es\/wp-json\/wp\/v2\/media\/12709"}],"wp:attachment":[{"href":"https:\/\/montanhasmagicas.pt\/es\/wp-json\/wp\/v2\/media?parent=15050"}],"wp:term":[{"taxonomy":"lines_points_of_interest","embeddable":true,"href":"https:\/\/montanhasmagicas.pt\/es\/wp-json\/wp\/v2\/lines_points_of_interest?post=15050"}],"curies":[{"name":"wp","href":"https:\/\/api.w.org\/{rel}","templated":true}]}}

São Macário

<p>La sierra de San Macario llega a los 1054 metros de altitud y constituye un magnífico punto de observación de las sierras y valles de las Montanhas Mágicas® al Este y al Norte, y las sierras de Caramulo y Estrela al Sur. Se destaca la vista al valle del Deilão, delimitado por las crestas cuarcíticas que terminan precisamente en este sitio y que se prolongan desde Valongo, rasgando la tierra con relieves abruptos a lo largo de su paso. Estas cuarcitas son además testigos de la vida que existía en los océanos hace cerca de 480 millones de años, puesto que han quedado grabadas en las rocas las marcas de los trilobites y otros animales que andaban por allí (icnofósiles). En la cumbre de la sierra son comunes dobleces que resultan de las mismas fuerzas que han levantado y moldeado estas montañas.</p>
