{"id":17093,"date":"2024-02-21T13:10:44","date_gmt":"2024-02-21T13:10:44","guid":{"rendered":"https:\/\/montanhasmagicas.pt\/?page_id=17093"},"modified":"2024-02-21T15:04:04","modified_gmt":"2024-02-21T15:04:04","slug":"vinos-de-lafoes","status":"publish","type":"page","link":"https:\/\/montanhasmagicas.pt\/es\/montanhas-magicas\/cultura\/gastronomia-y-vinos\/vinos\/vinos-de-lafoes\/","title":{"rendered":"Vinos de Laf\u00f5es"},"content":{"rendered":"<p>[vc_row][vc_column][vc_row_inner][vc_column_inner][vc_column_text]<\/p>\n<h2 class=\"title\">Los Vinos de Laf\u00f5es<\/h2>\n<p>Con menor expresi\u00f3n en nuestro pa\u00eds, los Vinos de Laf\u00f5es, con Denominaci\u00f3n de Origen Protegida (DOP), se producen en la zona geogr\u00e1fica correspondiente a la Indicaci\u00f3n de Procedencia Reglamentada \u201cLaf\u00f5es\u201d, la cual se sit\u00faa a lo largo del Vale do Vouga y en el cual se incluye la municipalidad de S. Pedro do Sul.<\/p>\n<p>Los vinos tintos tienen alta acidez fija y gran poder de envejecimiento y los blancos son en todo similares a los Vinos Verdes. Son vinos sui generis, poco alcoh\u00f3licos, frutados, ricos en acidez m\u00e1lica y de \u201caguja\u201d.[\/vc_column_text][\/vc_column_inner][\/vc_row_inner][\/vc_column][\/vc_row]<\/p>\n","protected":false},"excerpt":{"rendered":"<p>[vc_row][vc_column][vc_row_inner][vc_column_inner][vc_column_text] Los Vinos de Laf\u00f5es Con menor expresi\u00f3n en nuestro pa\u00eds, los Vinos de Laf\u00f5es, con Denominaci\u00f3n de Origen Protegida (DOP), se producen en la zona geogr\u00e1fica correspondiente a la Indicaci\u00f3n de Procedencia Reglamentada \u201cLaf\u00f5es\u201d, la cual se sit\u00faa a lo largo del Vale do Vouga y en el cual se incluye la municipalidad de [&hellip;]<\/p>\n","protected":false},"author":1,"featured_media":0,"parent":17096,"menu_order":15,"comment_status":"closed","ping_status":"closed","template":"page-general.php","meta":{"footnotes":""},"class_list":["post-17093","page","type-page","status-publish","hentry"],"_links":{"self":[{"href":"https:\/\/montanhasmagicas.pt\/es\/wp-json\/wp\/v2\/pages\/17093","targetHints":{"allow":["GET"]}}],"collection":[{"href":"https:\/\/montanhasmagicas.pt\/es\/wp-json\/wp\/v2\/pages"}],"about":[{"href":"https:\/\/montanhasmagicas.pt\/es\/wp-json\/wp\/v2\/types\/page"}],"author":[{"embeddable":true,"href":"https:\/\/montanhasmagicas.pt\/es\/wp-json\/wp\/v2\/users\/1"}],"replies":[{"embeddable":true,"href":"https:\/\/montanhasmagicas.pt\/es\/wp-json\/wp\/v2\/comments?post=17093"}],"version-history":[{"count":0,"href":"https:\/\/montanhasmagicas.pt\/es\/wp-json\/wp\/v2\/pages\/17093\/revisions"}],"up":[{"embeddable":true,"href":"https:\/\/montanhasmagicas.pt\/es\/wp-json\/wp\/v2\/pages\/17096"}],"wp:attachment":[{"href":"https:\/\/montanhasmagicas.pt\/es\/wp-json\/wp\/v2\/media?parent=17093"}],"curies":[{"name":"wp","href":"https:\/\/api.w.org\/{rel}","templated":true}]}}

Vinos de Lafões

<p>[vc_row][vc_column][vc_row_inner][vc_column_inner][vc_column_text]</p>
<h2 class="title">Los Vinos de Lafões</h2>
<p>Con menor expresión en nuestro país, los Vinos de Lafões, con Denominación de Origen Protegida (DOP), se producen en la zona geográfica correspondiente a la Indicación de Procedencia Reglamentada “Lafões”, la cual se sitúa a lo largo del Vale do Vouga y en el cual se incluye la municipalidad de S. Pedro do Sul.</p>
<p>Los vinos tintos tienen alta acidez fija y gran poder de envejecimiento y los blancos son en todo similares a los Vinos Verdes. Son vinos sui generis, poco alcohólicos, frutados, ricos en acidez málica y de “aguja”.[/vc_column_text][/vc_column_inner][/vc_row_inner][/vc_column][/vc_row]</p>

<p>[vc_row][vc_column][vc_row_inner][vc_column_inner][vc_column_text] Los Vinos de Lafões Con menor expresión en nuestro país, los Vinos de Lafões, con Denominación de Origen Protegida (DOP), se producen en la zona geográfica correspondiente a la Indicación de Procedencia Reglamentada “Lafões”, la cual se sitúa a lo largo del Vale do Vouga y en el cual se incluye la municipalidad de [&hellip;]</p>
