{"id":15047,"date":"2022-10-10T10:56:39","date_gmt":"2022-10-10T09:56:39","guid":{"rendered":"https:\/\/montanhasmagicas.pt\/?post_type=points_of_interest&#038;p=15047"},"modified":"2022-10-10T10:57:17","modified_gmt":"2022-10-10T09:57:17","slug":"sao-macario","status":"publish","type":"points_of_interest","link":"https:\/\/montanhasmagicas.pt\/en\/points_of_interest\/sao-macario\/","title":{"rendered":"S\u00e3o Mac\u00e1rio"},"content":{"rendered":"<p>The S\u00e3o Mac\u00e1rio mountain reaches 1054 meters of altitude, and is a magnificent point of observation of the mountains and valleys of the Montanhas M\u00e1gicas\u00ae to the East and North, and the Caramulo and Estrela mountains, to the South. To be admired is the great view of the valley of Deil\u00e3o, bounded by quartzite ridges ending precisely at this location and that extends from Valongo, ripping the ground with steep grooves along their passage. These quartzites are still witnesses of life that occurred in the oceans about 480 million years ago, having been recorded in the rocks the marks of trilobites and other animals (ichnofossils). At the top of the mountain are still frequent folds resulting from the same forces that raised and shaped these mountains.<\/p>\n","protected":false},"featured_media":12709,"template":"","lines_points_of_interest":[1080],"class_list":["post-15047","points_of_interest","type-points_of_interest","status-publish","has-post-thumbnail","hentry","lines_points_of_interest-line-a-arada"],"_links":{"self":[{"href":"https:\/\/montanhasmagicas.pt\/en\/wp-json\/wp\/v2\/points_of_interest\/15047","targetHints":{"allow":["GET"]}}],"collection":[{"href":"https:\/\/montanhasmagicas.pt\/en\/wp-json\/wp\/v2\/points_of_interest"}],"about":[{"href":"https:\/\/montanhasmagicas.pt\/en\/wp-json\/wp\/v2\/types\/points_of_interest"}],"wp:featuredmedia":[{"embeddable":true,"href":"https:\/\/montanhasmagicas.pt\/en\/wp-json\/wp\/v2\/media\/12709"}],"wp:attachment":[{"href":"https:\/\/montanhasmagicas.pt\/en\/wp-json\/wp\/v2\/media?parent=15047"}],"wp:term":[{"taxonomy":"lines_points_of_interest","embeddable":true,"href":"https:\/\/montanhasmagicas.pt\/en\/wp-json\/wp\/v2\/lines_points_of_interest?post=15047"}],"curies":[{"name":"wp","href":"https:\/\/api.w.org\/{rel}","templated":true}]}}

São Macário

<p>The São Macário mountain reaches 1054 meters of altitude, and is a magnificent point of observation of the mountains and valleys of the Montanhas Mágicas® to the East and North, and the Caramulo and Estrela mountains, to the South. To be admired is the great view of the valley of Deilão, bounded by quartzite ridges ending precisely at this location and that extends from Valongo, ripping the ground with steep grooves along their passage. These quartzites are still witnesses of life that occurred in the oceans about 480 million years ago, having been recorded in the rocks the marks of trilobites and other animals (ichnofossils). At the top of the mountain are still frequent folds resulting from the same forces that raised and shaped these mountains.</p>
