{"id":15040,"date":"2022-10-10T10:28:43","date_gmt":"2022-10-10T09:28:43","guid":{"rendered":"https:\/\/montanhasmagicas.pt\/?post_type=points_of_interest&#038;p=15040"},"modified":"2022-10-10T10:32:40","modified_gmt":"2022-10-10T09:32:40","slug":"vale-do-deilao","status":"publish","type":"points_of_interest","link":"https:\/\/montanhasmagicas.pt\/en\/points_of_interest\/vale-do-deilao\/","title":{"rendered":"Vale do Deil\u00e3o"},"content":{"rendered":"<p>The Deil\u00e3o\u2019s valley is located in the heart of the Montanhas M\u00e1gicas\u00ae, a place so wildand remote that there is almost no artificial light, allowing the contemplation of the Milky Way as rarely seen. The Deil\u00e3o is a tributary of the Paiva river that is born at S\u00e3o Mac\u00e1rio\u2019s peaks, between the more resistant quartzite crests, coincident with the Ameixiosa mountain in the right margin and the Livrarias (geologic libraries) of Pena, Covas do Rio and Fragoselas in left margin. It is an ecological system that grows a 700 meters height difference in about 7.5 kilometers, giving birth to a river mountain in winter that almost dries during summer. Close to Covas do Rio village stands a very particular geological phenomenon that originated large and chunky Pedras Cebola (onion stones).<\/p>\n","protected":false},"featured_media":12739,"template":"","lines_points_of_interest":[1080],"class_list":["post-15040","points_of_interest","type-points_of_interest","status-publish","has-post-thumbnail","hentry","lines_points_of_interest-line-a-arada"],"_links":{"self":[{"href":"https:\/\/montanhasmagicas.pt\/en\/wp-json\/wp\/v2\/points_of_interest\/15040","targetHints":{"allow":["GET"]}}],"collection":[{"href":"https:\/\/montanhasmagicas.pt\/en\/wp-json\/wp\/v2\/points_of_interest"}],"about":[{"href":"https:\/\/montanhasmagicas.pt\/en\/wp-json\/wp\/v2\/types\/points_of_interest"}],"wp:featuredmedia":[{"embeddable":true,"href":"https:\/\/montanhasmagicas.pt\/en\/wp-json\/wp\/v2\/media\/12739"}],"wp:attachment":[{"href":"https:\/\/montanhasmagicas.pt\/en\/wp-json\/wp\/v2\/media?parent=15040"}],"wp:term":[{"taxonomy":"lines_points_of_interest","embeddable":true,"href":"https:\/\/montanhasmagicas.pt\/en\/wp-json\/wp\/v2\/lines_points_of_interest?post=15040"}],"curies":[{"name":"wp","href":"https:\/\/api.w.org\/{rel}","templated":true}]}}

Vale do Deilão

<p>The Deilão’s valley is located in the heart of the Montanhas Mágicas®, a place so wildand remote that there is almost no artificial light, allowing the contemplation of the Milky Way as rarely seen. The Deilão is a tributary of the Paiva river that is born at São Macário’s peaks, between the more resistant quartzite crests, coincident with the Ameixiosa mountain in the right margin and the Livrarias (geologic libraries) of Pena, Covas do Rio and Fragoselas in left margin. It is an ecological system that grows a 700 meters height difference in about 7.5 kilometers, giving birth to a river mountain in winter that almost dries during summer. Close to Covas do Rio village stands a very particular geological phenomenon that originated large and chunky Pedras Cebola (onion stones).</p>
