{"id":17551,"date":"2024-03-18T10:15:57","date_gmt":"2024-03-18T10:15:57","guid":{"rendered":"https:\/\/montanhasmagicas.pt\/?page_id=17551"},"modified":"2024-03-18T10:15:57","modified_gmt":"2024-03-18T10:15:57","slug":"inhabitants","status":"publish","type":"page","link":"https:\/\/montanhasmagicas.pt\/en\/magic-mountains\/inhabitants\/","title":{"rendered":"Inhabitants"},"content":{"rendered":"<p>[vc_row vc_row_background=&#8221;&#8221;][vc_column][vc_row_inner][vc_column_inner][vc_column_text]<\/p>\n<h2>Discover in the simplicity and friendliness of our people one of the most positive experiences of your visit!<\/h2>\n<p>The simple, educated and joyful way of being and living are the main characteristics of the inhabitants of the Montanhas M\u00e1gicas\u00ae.<\/p>\n<p>During a walk through the village, in the restaurant, in a bar or even in the local market, get acquainted with the locals and get to know about the territory much more than you would otherwise know.<\/p>\n<p><b>Population<\/b><\/p>\n<p>According to the 2011 Census, about 127,000 people live in the Magic Mountains. The age group of the inhabitants varies a little among the seven municipalities of the territory. From 13% to 16% are up to 14 years old; from 11% to 13% are between 15 and 24 years old; from 49% to 56% are between 25 and 64 years, and from 17% to 28% are over 64 years.<\/p>\n<p>The most populous municipalities of Montanhas M\u00e1gicas are Vale de Cambra, Arouca and Cinf\u00e3es, with more than 20,000 inhabitants, especially concentrated in the county seats and neighboring parishes. The remaining municipalities have between 12,000 and 17,000 inhabitants. The municipalities with the largest geographical area are Castro Daire, S. Pedro do Sul and Arouca (between 38 and 33 thousand hectares).<\/p>\n<p><b>Economic activities<\/b><\/p>\n<p>Due to the predominantly mountainous characteristics of this territory and the unusual fertility of its valleys, agriculture and pastoralism were, over many centuries, the main activities of the inhabitants, in particular the mining activity, especially during and a few decades after The I and II World Wars.<\/p>\n<p>The agricultural activity promoted, among others, the development of the dairy industry, making possible the implantation of some big companies at national and international level. The growth of this sector has led to the implementation of other complementary industries, such as metal-mechanics or the packaging industry. These three sectors, along with the wood one, have contributed and are still fundamental to the industrial &#8220;strength&#8221; of the territory.<\/p>\n<p>With the increasing abandonment of agriculture and pastoralism, many inhabitants, especially young people, were obliged to migrate and emigrate, causing a marked desertification, especially in the more isolated villages and parishes.<\/p>\n<p>In spite of the significant abandonment of the agricultural activity, the excellent conditions that the territory offers for the practice of this activity has stimulated the appearance of new companies linked to the production of teas and herbs, some of them with organic production, as well as the production of fruits, especially blueberries and other red fruits.<\/p>\n<p>The production of vinhos verdes (green wines) continues to be one of the most important activities, and the breeding of the Arouca cattle and of the Gralheira kid are also activities with a significant weight in the context of the primary sector.<\/p>\n<p>The importance of the secondary and tertiary sectors, which together account for 94% of the employed population of the Montanhas M\u00e1gicas, is now clear. The tertiary sector predominates in most of the municipalities of this territory, with rates ranging from 65% to 45%. Although this is a small difference, in the municipalities of Castelo de Paiva and Vale de Cambra the secondary sector predominates.<\/p>\n<p>Tourism has been assuming a growing and strategic importance in all the economic activities of the territory.<\/p>\n<p><b>Free Time<\/b><\/p>\n<p>Sports are one of the activities most appreciated by the inhabitants of the Montanhas M\u00e1gicas, especially the practice of outdoor walks and mountain bike tours. The more than 600 km of pedestrian routes in the territory, the Passadi\u00e7os do Paiva, the Vouga Ecotrail, the sports and leisure parks and the landscapes and natural resources that is possible to enjoy, so close to home, justify their preferences.<\/p>\n<p>Young people like to organize themselves in teams and to participate in soccer tournaments. This sport, at a professional level, has come to stand out in some of our municipalities.<\/p>\n<p>Local farmers&#8217; markets, fairs and exhibitions, festivals and pilgrimages and all the cultural events and activities that take place throughout the year in the Montanhas M\u00e1gicas always count on a great involvement, affluence and participation of the inhabitants, revealing their cheerful spirit and taste for conviviality.<\/p>\n<p><b>Public figures<\/b><\/p>\n<p><strong><em>Isabel Silvestre (from the music and performing arts area)<\/em><\/strong><\/p>\n<p>Who does not know the unmistakable voice and contagious smile of Isabel Silvestre?<\/p>\n<p>Born in Manhouce, in the municipality of S. Pedro do Sul, Isabel Silvestre was a primary school teacher. In 1978 she founded the Grupo de Cantares e Trajes (Songs and Costumes Group) of Manhouce and, in 1992, became known to the general public through her participation in the GNR hit, &#8220;Pron\u00fancia do Norte&#8221;.<\/p>\n<p>She participated in the tribute album to Ant\u00f3nio Varia\u00e7\u00f5es next to names like S\u00e9rgio Godinho, M\u00e3o Morta, Madredeus and Delfins. Her first album, composed of several hits, whose roots refer to the places where she was born and raised, was produced by Jo\u00e3o Gil.<\/p>\n<p>One of her most well-known themes is &#8220;A gente n\u00e3o l\u00ea\u201d, with lyrics by Carlos T\u00ea and music by Rui Veloso.<\/p>\n<p>Author of publications such as \u201cCancioneiro de Manhouce&#8221; and the book &#8220;Do\u00e7uras&#8221;, Isabel Silvestre is very dear and cherished by the inhabitants of the Montanhas M\u00e1gicas. <a href=\"http:\/\/www.letras.com.br\/biografia\/isabel-silvestre\" target=\"_blank\" rel=\"noopener\">More info.<\/a><\/p>\n<p><strong><em>Manuel Sobrinho Sim\u00f5es (from the scientific area)<\/em><\/strong><\/p>\n<p>With a strong connection to Arouca because of his father and grandfather, Manuel Sobrinho Sim\u00f5es, Pathologist, Full Professor of the University of Porto Medical College and President of IPATIMUP &#8211; Institute of Pathology and Molecular and Cellular Immunology of the University of Porto (which he founded in 1989), was elected in 2015 as the most influential pathologist in the world by the British magazine The Patologist, and received a vote of praise from the General Council of the University of Porto. In 2016 he won the Grande Premio Ci\u00eancia Viva Montepio. <a href=\"https:\/\/sigarra.up.pt\/up\/pt\/web_base.gera_pagina?p_pagina=antigos%20estudantes%20ilustres%20-%20manuel%20sobrinho%20sim%C3%B5es\" target=\"_blank\" rel=\"noopener\">More info.<\/a>[\/vc_column_text][\/vc_column_inner][\/vc_row_inner][\/vc_column][\/vc_row][vc_row][vc_column]\n\t\t\t\t<div class=\"gallery-img-video\">\n\t\t\t\t<h4 class=\"title\">Gallery<\/h4>\n\t\t\t\t\t\t\t\t<div class=\"gallery-wrapper\">\n\t\t\t\t\t\t\t\t\t\t\t<div id=\"img-gallery-tab-69ee7b003c618\" class=\"gallery-tab active\">\n\t\t\t\t\t\t\t<div class=\"lightbox-gallery lightbox-gallery-69ee7b003c618 gallery-wrapper col-3\">\n\t\t\t\t\t\t\t\t\t\t\t\t\t\t\t\t\t<a href=\"https:\/\/montanhasmagicas.pt\/wp-content\/uploads\/2024\/03\/atividades-pedagogicas-1024x683.jpg\">\n\t\t\t\t\t\t\t\t\t\t<div class=\"wrapper\">\n\t\t\t\t\t\t\t\t\t\t\t<img decoding=\"async\" src=\"https:\/\/montanhasmagicas.pt\/wp-content\/uploads\/2024\/03\/atividades-pedagogicas-1024x683.jpg\" title=\"Atividades Pedag\u00f3gicas\" alt=\"\">\n\t\t\t\t\t\t\t\t\t\t<\/div>\n\t\t\t\t\t\t\t\t\t<\/a>\n\t\t\t\t\t\t\t\t\t\t\t\t\t\t\t\t\t<a href=\"https:\/\/montanhasmagicas.pt\/wp-content\/uploads\/2024\/03\/capa-habitantes-1024x556.jpg\">\n\t\t\t\t\t\t\t\t\t\t<div class=\"wrapper\">\n\t\t\t\t\t\t\t\t\t\t\t<img decoding=\"async\" src=\"https:\/\/montanhasmagicas.pt\/wp-content\/uploads\/2024\/03\/capa-habitantes-1024x556.jpg\" title=\"Festival da Castanha\" alt=\"\">\n\t\t\t\t\t\t\t\t\t\t<\/div>\n\t\t\t\t\t\t\t\t\t<\/a>\n\t\t\t\t\t\t\t\t\t\t\t\t\t\t\t\t\t<a href=\"https:\/\/montanhasmagicas.pt\/wp-content\/uploads\/2024\/03\/festival-folclore-1024x744.jpg\">\n\t\t\t\t\t\t\t\t\t\t<div class=\"wrapper\">\n\t\t\t\t\t\t\t\t\t\t\t<img decoding=\"async\" src=\"https:\/\/montanhasmagicas.pt\/wp-content\/uploads\/2024\/03\/festival-folclore-1024x744.jpg\" title=\"Festival de Folclore\" alt=\"\">\n\t\t\t\t\t\t\t\t\t\t<\/div>\n\t\t\t\t\t\t\t\t\t<\/a>\n\t\t\t\t\t\t\t\t\t\t\t\t\t\t\t\t\t<a href=\"https:\/\/montanhasmagicas.pt\/wp-content\/uploads\/2024\/03\/grupo-teatro-montemuro-1024x685.jpg\">\n\t\t\t\t\t\t\t\t\t\t<div class=\"wrapper\">\n\t\t\t\t\t\t\t\t\t\t\t<img decoding=\"async\" src=\"https:\/\/montanhasmagicas.pt\/wp-content\/uploads\/2024\/03\/grupo-teatro-montemuro-1024x685.jpg\" title=\"Grupo de Teatro de Montemuro\" alt=\"\">\n\t\t\t\t\t\t\t\t\t\t<\/div>\n\t\t\t\t\t\t\t\t\t<\/a>\n\t\t\t\t\t\t\t\t\t\t\t\t\t\t\t\t\t<a href=\"https:\/\/montanhasmagicas.pt\/wp-content\/uploads\/2024\/03\/habitantes-1-1024x682.jpg\">\n\t\t\t\t\t\t\t\t\t\t<div class=\"wrapper\">\n\t\t\t\t\t\t\t\t\t\t\t<img decoding=\"async\" src=\"https:\/\/montanhasmagicas.pt\/wp-content\/uploads\/2024\/03\/habitantes-1-1024x682.jpg\" title=\"Habitantes\" alt=\"\">\n\t\t\t\t\t\t\t\t\t\t<\/div>\n\t\t\t\t\t\t\t\t\t<\/a>\n\t\t\t\t\t\t\t\t\t\t\t\t\t\t\t\t\t<a href=\"https:\/\/montanhasmagicas.pt\/wp-content\/uploads\/2024\/03\/isabel-silvestre-1024x682.jpg\">\n\t\t\t\t\t\t\t\t\t\t<div class=\"wrapper\">\n\t\t\t\t\t\t\t\t\t\t\t<img decoding=\"async\" src=\"https:\/\/montanhasmagicas.pt\/wp-content\/uploads\/2024\/03\/isabel-silvestre-1024x682.jpg\" title=\"Isabel Silvestre\" alt=\"\">\n\t\t\t\t\t\t\t\t\t\t<\/div>\n\t\t\t\t\t\t\t\t\t<\/a>\n\t\t\t\t\t\t\t\t\t\t\t\t\t\t\t\t\t<a href=\"https:\/\/montanhasmagicas.pt\/wp-content\/uploads\/2024\/03\/serra-da-freita-1024x479.jpg\">\n\t\t\t\t\t\t\t\t\t\t<div class=\"wrapper\">\n\t\t\t\t\t\t\t\t\t\t\t<img decoding=\"async\" src=\"https:\/\/montanhasmagicas.pt\/wp-content\/uploads\/2024\/03\/serra-da-freita-1024x479.jpg\" title=\"Serra da Freita\" alt=\"\">\n\t\t\t\t\t\t\t\t\t\t<\/div>\n\t\t\t\t\t\t\t\t\t<\/a>\n\t\t\t\t\t\t\t\t\t\t\t\t\t\t\t\t\t<a href=\"https:\/\/montanhasmagicas.pt\/wp-content\/uploads\/2024\/02\/rafting-1024x682.jpg\">\n\t\t\t\t\t\t\t\t\t\t<div class=\"wrapper\">\n\t\t\t\t\t\t\t\t\t\t\t<img decoding=\"async\" src=\"https:\/\/montanhasmagicas.pt\/wp-content\/uploads\/2024\/02\/rafting-1024x682.jpg\" title=\"Rafting Rio Paiva\" alt=\"\">\n\t\t\t\t\t\t\t\t\t\t<\/div>\n\t\t\t\t\t\t\t\t\t<\/a>\n\t\t\t\t\t\t\t\t\t\t\t\t\t\t\t<\/div>\n\t\t\t\t\t\t<\/div>\n\t\t\t\t\t\t\t\t\t\t\t\t\t\t<\/div>\n\t\t\t<\/div>\n\t\t\t\t<script type=\"text\/javascript\">\n            jQuery(document).ready(function($) {\n\t\t\t\tvar lightbox = new SimpleLightbox('.lightbox-gallery-69ee7b003c618 a', { \/* options *\/ });\n\n                \n\t\t\t\t\n\t\t\t});\n\t\t<\/script>\n\t[\/vc_column][\/vc_row]<\/p>\n","protected":false},"excerpt":{"rendered":"<p>[vc_row vc_row_background=&#8221;&#8221;][vc_column][vc_row_inner][vc_column_inner][vc_column_text] Discover in the simplicity and friendliness of our people one of the most positive experiences of your visit! The simple, educated and joyful way of being and living are the main characteristics of the inhabitants of the Montanhas M\u00e1gicas\u00ae. During a walk through the village, in the restaurant, in a bar or even [&hellip;]<\/p>\n","protected":false},"author":1,"featured_media":1378,"parent":16384,"menu_order":116,"comment_status":"closed","ping_status":"closed","template":"page-general.php","meta":{"footnotes":""},"class_list":["post-17551","page","type-page","status-publish","has-post-thumbnail","hentry"],"_links":{"self":[{"href":"https:\/\/montanhasmagicas.pt\/en\/wp-json\/wp\/v2\/pages\/17551","targetHints":{"allow":["GET"]}}],"collection":[{"href":"https:\/\/montanhasmagicas.pt\/en\/wp-json\/wp\/v2\/pages"}],"about":[{"href":"https:\/\/montanhasmagicas.pt\/en\/wp-json\/wp\/v2\/types\/page"}],"author":[{"embeddable":true,"href":"https:\/\/montanhasmagicas.pt\/en\/wp-json\/wp\/v2\/users\/1"}],"replies":[{"embeddable":true,"href":"https:\/\/montanhasmagicas.pt\/en\/wp-json\/wp\/v2\/comments?post=17551"}],"version-history":[{"count":0,"href":"https:\/\/montanhasmagicas.pt\/en\/wp-json\/wp\/v2\/pages\/17551\/revisions"}],"up":[{"embeddable":true,"href":"https:\/\/montanhasmagicas.pt\/en\/wp-json\/wp\/v2\/pages\/16384"}],"wp:featuredmedia":[{"embeddable":true,"href":"https:\/\/montanhasmagicas.pt\/en\/wp-json\/wp\/v2\/media\/1378"}],"wp:attachment":[{"href":"https:\/\/montanhasmagicas.pt\/en\/wp-json\/wp\/v2\/media?parent=17551"}],"curies":[{"name":"wp","href":"https:\/\/api.w.org\/{rel}","templated":true}]}}

<p>[vc_row vc_row_background=&#8221;&#8221;][vc_column][vc_row_inner][vc_column_inner][vc_column_text]</p>
<h2>Discover in the simplicity and friendliness of our people one of the most positive experiences of your visit!</h2>
<p>The simple, educated and joyful way of being and living are the main characteristics of the inhabitants of the Montanhas Mágicas®.</p>
<p>During a walk through the village, in the restaurant, in a bar or even in the local market, get acquainted with the locals and get to know about the territory much more than you would otherwise know.</p>
<p><b>Population</b></p>
<p>According to the 2011 Census, about 127,000 people live in the Magic Mountains. The age group of the inhabitants varies a little among the seven municipalities of the territory. From 13% to 16% are up to 14 years old; from 11% to 13% are between 15 and 24 years old; from 49% to 56% are between 25 and 64 years, and from 17% to 28% are over 64 years.</p>
<p>The most populous municipalities of Montanhas Mágicas are Vale de Cambra, Arouca and Cinfães, with more than 20,000 inhabitants, especially concentrated in the county seats and neighboring parishes. The remaining municipalities have between 12,000 and 17,000 inhabitants. The municipalities with the largest geographical area are Castro Daire, S. Pedro do Sul and Arouca (between 38 and 33 thousand hectares).</p>
<p><b>Economic activities</b></p>
<p>Due to the predominantly mountainous characteristics of this territory and the unusual fertility of its valleys, agriculture and pastoralism were, over many centuries, the main activities of the inhabitants, in particular the mining activity, especially during and a few decades after The I and II World Wars.</p>
<p>The agricultural activity promoted, among others, the development of the dairy industry, making possible the implantation of some big companies at national and international level. The growth of this sector has led to the implementation of other complementary industries, such as metal-mechanics or the packaging industry. These three sectors, along with the wood one, have contributed and are still fundamental to the industrial &#8220;strength&#8221; of the territory.</p>
<p>With the increasing abandonment of agriculture and pastoralism, many inhabitants, especially young people, were obliged to migrate and emigrate, causing a marked desertification, especially in the more isolated villages and parishes.</p>
<p>In spite of the significant abandonment of the agricultural activity, the excellent conditions that the territory offers for the practice of this activity has stimulated the appearance of new companies linked to the production of teas and herbs, some of them with organic production, as well as the production of fruits, especially blueberries and other red fruits.</p>
<p>The production of vinhos verdes (green wines) continues to be one of the most important activities, and the breeding of the Arouca cattle and of the Gralheira kid are also activities with a significant weight in the context of the primary sector.</p>
<p>The importance of the secondary and tertiary sectors, which together account for 94% of the employed population of the Montanhas Mágicas, is now clear. The tertiary sector predominates in most of the municipalities of this territory, with rates ranging from 65% to 45%. Although this is a small difference, in the municipalities of Castelo de Paiva and Vale de Cambra the secondary sector predominates.</p>
<p>Tourism has been assuming a growing and strategic importance in all the economic activities of the territory.</p>
<p><b>Free Time</b></p>
<p>Sports are one of the activities most appreciated by the inhabitants of the Montanhas Mágicas, especially the practice of outdoor walks and mountain bike tours. The more than 600 km of pedestrian routes in the territory, the Passadiços do Paiva, the Vouga Ecotrail, the sports and leisure parks and the landscapes and natural resources that is possible to enjoy, so close to home, justify their preferences.</p>
<p>Young people like to organize themselves in teams and to participate in soccer tournaments. This sport, at a professional level, has come to stand out in some of our municipalities.</p>
<p>Local farmers&#8217; markets, fairs and exhibitions, festivals and pilgrimages and all the cultural events and activities that take place throughout the year in the Montanhas Mágicas always count on a great involvement, affluence and participation of the inhabitants, revealing their cheerful spirit and taste for conviviality.</p>
<p><b>Public figures</b></p>
<p><strong><em>Isabel Silvestre (from the music and performing arts area)</em></strong></p>
<p>Who does not know the unmistakable voice and contagious smile of Isabel Silvestre?</p>
<p>Born in Manhouce, in the municipality of S. Pedro do Sul, Isabel Silvestre was a primary school teacher. In 1978 she founded the Grupo de Cantares e Trajes (Songs and Costumes Group) of Manhouce and, in 1992, became known to the general public through her participation in the GNR hit, &#8220;Pronúncia do Norte&#8221;.</p>
<p>She participated in the tribute album to António Variações next to names like Sérgio Godinho, Mão Morta, Madredeus and Delfins. Her first album, composed of several hits, whose roots refer to the places where she was born and raised, was produced by João Gil.</p>
<p>One of her most well-known themes is &#8220;A gente não lê”, with lyrics by Carlos Tê and music by Rui Veloso.</p>
<p>Author of publications such as “Cancioneiro de Manhouce&#8221; and the book &#8220;Doçuras&#8221;, Isabel Silvestre is very dear and cherished by the inhabitants of the Montanhas Mágicas. <a href="http://www.letras.com.br/biografia/isabel-silvestre" target="_blank" rel="noopener">More info.</a></p>
<p><strong><em>Manuel Sobrinho Simões (from the scientific area)</em></strong></p>
<p>With a strong connection to Arouca because of his father and grandfather, Manuel Sobrinho Simões, Pathologist, Full Professor of the University of Porto Medical College and President of IPATIMUP &#8211; Institute of Pathology and Molecular and Cellular Immunology of the University of Porto (which he founded in 1989), was elected in 2015 as the most influential pathologist in the world by the British magazine The Patologist, and received a vote of praise from the General Council of the University of Porto. In 2016 he won the Grande Premio Ciência Viva Montepio. <a href="https://sigarra.up.pt/up/pt/web_base.gera_pagina?p_pagina=antigos%20estudantes%20ilustres%20-%20manuel%20sobrinho%20sim%C3%B5es" target="_blank" rel="noopener">More info.</a>[/vc_column_text][/vc_column_inner][/vc_row_inner][/vc_column][/vc_row][vc_row][vc_column]
				<div class="gallery-img-video">
				<h4 class="title">Gallery</h4>
								<div class="gallery-wrapper">
											<div id="img-gallery-tab-69ee7b003c618" class="gallery-tab active">
							<div class="lightbox-gallery lightbox-gallery-69ee7b003c618 gallery-wrapper col-3">
																	<a href="https://montanhasmagicas.pt/wp-content/uploads/2024/03/atividades-pedagogicas-1024x683.jpg">
										<div class="wrapper">
											<img decoding="async" src="https://montanhasmagicas.pt/wp-content/uploads/2024/03/atividades-pedagogicas-1024x683.jpg" title="Atividades Pedagógicas" alt="">
										</div>
									</a>
																	<a href="https://montanhasmagicas.pt/wp-content/uploads/2024/03/capa-habitantes-1024x556.jpg">
										<div class="wrapper">
											<img decoding="async" src="https://montanhasmagicas.pt/wp-content/uploads/2024/03/capa-habitantes-1024x556.jpg" title="Festival da Castanha" alt="">
										</div>
									</a>
																	<a href="https://montanhasmagicas.pt/wp-content/uploads/2024/03/festival-folclore-1024x744.jpg">
										<div class="wrapper">
											<img decoding="async" src="https://montanhasmagicas.pt/wp-content/uploads/2024/03/festival-folclore-1024x744.jpg" title="Festival de Folclore" alt="">
										</div>
									</a>
																	<a href="https://montanhasmagicas.pt/wp-content/uploads/2024/03/grupo-teatro-montemuro-1024x685.jpg">
										<div class="wrapper">
											<img decoding="async" src="https://montanhasmagicas.pt/wp-content/uploads/2024/03/grupo-teatro-montemuro-1024x685.jpg" title="Grupo de Teatro de Montemuro" alt="">
										</div>
									</a>
																	<a href="https://montanhasmagicas.pt/wp-content/uploads/2024/03/habitantes-1-1024x682.jpg">
										<div class="wrapper">
											<img decoding="async" src="https://montanhasmagicas.pt/wp-content/uploads/2024/03/habitantes-1-1024x682.jpg" title="Habitantes" alt="">
										</div>
									</a>
																	<a href="https://montanhasmagicas.pt/wp-content/uploads/2024/03/isabel-silvestre-1024x682.jpg">
										<div class="wrapper">
											<img decoding="async" src="https://montanhasmagicas.pt/wp-content/uploads/2024/03/isabel-silvestre-1024x682.jpg" title="Isabel Silvestre" alt="">
										</div>
									</a>
																	<a href="https://montanhasmagicas.pt/wp-content/uploads/2024/03/serra-da-freita-1024x479.jpg">
										<div class="wrapper">
											<img decoding="async" src="https://montanhasmagicas.pt/wp-content/uploads/2024/03/serra-da-freita-1024x479.jpg" title="Serra da Freita" alt="">
										</div>
									</a>
																	<a href="https://montanhasmagicas.pt/wp-content/uploads/2024/02/rafting-1024x682.jpg">
										<div class="wrapper">
											<img decoding="async" src="https://montanhasmagicas.pt/wp-content/uploads/2024/02/rafting-1024x682.jpg" title="Rafting Rio Paiva" alt="">
										</div>
									</a>
															</div>
						</div>
														</div>
			</div>
				<script type="text/javascript">
            jQuery(document).ready(function($) {
				var lightbox = new SimpleLightbox('.lightbox-gallery-69ee7b003c618 a', { /* options */ });

                
				
			});
		</script>
	[/vc_column][/vc_row]</p>

<p>[vc_row vc_row_background=&#8221;&#8221;][vc_column][vc_row_inner][vc_column_inner][vc_column_text] Discover in the simplicity and friendliness of our people one of the most positive experiences of your visit! The simple, educated and joyful way of being and living are the main characteristics of the inhabitants of the Montanhas Mágicas®. During a walk through the village, in the restaurant, in a bar or even [&hellip;]</p>
